{"id":458,"date":"2016-09-25T19:55:16","date_gmt":"2016-09-25T17:55:16","guid":{"rendered":"http:\/\/www.auduteau.net\/cyclo\/?page_id=458"},"modified":"2021-09-08T16:35:18","modified_gmt":"2021-09-08T14:35:18","slug":"les-incidents-de-parcours","status":"publish","type":"page","link":"https:\/\/www.auduteau.net\/cyclo\/cyclo-tourisme\/les-incidents-de-parcours\/","title":{"rendered":"Les incidents de parcours"},"content":{"rendered":"<p style=\"text-align: left;\">On est jamais \u00e0 l&rsquo;abri de l&rsquo;accident ou\u00a0 de l&rsquo;incident de parcours.<\/p>\n<p>&nbsp;<\/p>\n<p>C&rsquo;est bien le plus souvent dans les endroits o\u00f9 notre attention n&rsquo;est plus optimale que cela arrive. A savoir, sur les chemins plats avec paysages enchanteurs. Sur la route, jamais jusqu&rsquo;\u00e0 ce jour.<br \/>\nCe sera :<\/p>\n<ul>\n<li>la grosse racine ou le trou que l&rsquo;on aura pas anticip\u00e9<\/li>\n<li>Le tout droit dans un virage<\/li>\n<li>La barri\u00e8re anti-voiture qui se referme devant vous sur une grosse rafale de vent<\/li>\n<li>Le plongeon dans le canal que l&rsquo;on longe<\/li>\n<li>Le brin de c\u00e2ble de frein dans le doigt lors d&rsquo;une r\u00e9paration de fortune<\/li>\n<li>Le d\u00e9rapage de d\u00e9monte-pneu lors d&rsquo;une crevaison sur un pneu r\u00e9ticent<\/li>\n<li>Etc.<\/li>\n<\/ul>\n<p>&nbsp;<\/p>\n<p>Sur ces incidents de parcours, il faut prendre les devants en \u00e9tant attentifs et en ayant sur soi un <a href=\"http:\/\/www.auduteau.net\/cyclo\/trousse-a-pharmacie\/\">trousse \u00e0 pharmacie<\/a> digne de ce nom.<\/p>\n","protected":false},"excerpt":{"rendered":"<p>On est jamais \u00e0 l&rsquo;abri de l&rsquo;accident ou\u00a0 de l&rsquo;incident de parcours. &nbsp; C&rsquo;est bien le plus souvent dans les endroits o\u00f9 notre attention n&rsquo;est plus optimale que cela arrive. A savoir, sur les chemins plats avec paysages enchanteurs. Sur la route, jamais jusqu&rsquo;\u00e0 ce jour. Ce sera : la grosse racine ou le trou [&hellip;]<\/p>\n","protected":false},"author":1,"featured_media":0,"parent":8,"menu_order":8,"comment_status":"closed","ping_status":"closed","template":"","meta":[],"jetpack_shortlink":"https:\/\/wp.me\/P80Whq-7o","jetpack_sharing_enabled":true,"jetpack-related-posts":[{"id":44,"url":"https:\/\/www.auduteau.net\/cyclo\/le-voyage-en-soi\/les-preparatifs\/","url_meta":{"origin":458,"position":0},"title":"Les pr\u00e9paratifs","date":"5 octobre 2016","format":false,"excerpt":"Tracer la route Bien \u00e9videmment, il va falloir tracer sa route et la synchroniser avec les VAE. Grandes discussions assur\u00e9es. Les sites de trace et de topologie terrain : Calcul d'itin\u00e9raire , mon pr\u00e9f\u00e9r\u00e9 pour pr\u00e9parer la route (bas\u00e9 sur ORS et me permet de partager avec le groupe sans\u2026","rel":"","context":"Article similaire","img":{"alt_text":"","src":"https:\/\/i0.wp.com\/www.auduteau.net\/cyclo\/wp-content\/uploads\/tracer-la-route2-300x200.jpg?resize=350%2C200","width":350,"height":200},"classes":[]},{"id":442,"url":"https:\/\/www.auduteau.net\/cyclo\/le-voyage-en-soi\/trousse-a-pharmacie\/","url_meta":{"origin":458,"position":1},"title":"Trousse \u00e0 pharmacie","date":"5 octobre 2016","format":false,"excerpt":"Les incidents n'arrivent pas qu'aux autres et nous sommes en pleine nature. Il faut donc faire face. Dans notre groupe, nous avons deux infirmi\u00e8res et \u00e7a ne rigole pas question trousse \u00e0 pharmacie : Pansements r\u00e9sistants en rouleau \u00e0 d\u00e9couper Sparadrap en rouleau \u00e0 l'ancienne. D\u00e9sinfectant pas trop alcoolis\u00e9 sinon\u2026","rel":"","context":"Article similaire","img":{"alt_text":"","src":"","width":0,"height":0},"classes":[]},{"id":12,"url":"https:\/\/www.auduteau.net\/cyclo\/cyclo-tourisme\/table-de-lois-du-cyclo-touriste\/","url_meta":{"origin":458,"position":2},"title":"Table de lois du Cyclo-Touriste","date":"25 septembre 2016","format":false,"excerpt":"Nous n'avons pas un v\u00e9lo de course et n'avons pas vocation \u00e0 faire une performance lorsque nous voyageons en cyclo-tourisme. Notre but est d'aller le plus loin et dans les meilleures conditions possibles. Il nous faut donc veiller \u00e0 la durabilit\u00e9 de notre mat\u00e9riel et \u00e0 notre int\u00e9grit\u00e9 physique. Et\u2026","rel":"","context":"Article similaire","img":{"alt_text":"","src":"https:\/\/i0.wp.com\/www.auduteau.net\/cyclo\/wp-content\/uploads\/table_lois.jpg?resize=350%2C200&ssl=1","width":350,"height":200},"classes":[]},{"id":1915,"url":"https:\/\/www.auduteau.net\/cyclo\/le-voyage-en-soi\/les-modes-de-voyages-cyclo-touristiques\/","url_meta":{"origin":458,"position":3},"title":"Les modes de voyages cyclo-touristiques","date":"5 octobre 2016","format":false,"excerpt":"Petit rappel, nous voyageons en groupe de 5 \u00e0 10 personnes. Le groupe est familial (fratrie + enfants et pi\u00e8ces rajout\u00e9es) Et, groupe \u00e9gal contraintes et indispositions individuelles. On doit donc lisser chacun nos pr\u00e9tentions pour arriver \u00e0 un accord qui aujourd'hui fait figure de ligne directrice lors de l'organisation\u2026","rel":"","context":"Article similaire","img":{"alt_text":"","src":"","width":0,"height":0},"classes":[]},{"id":830,"url":"https:\/\/www.auduteau.net\/cyclo\/cyclo-tourisme\/le-ravitaillement-en-eau-sur-le-parcours\/","url_meta":{"origin":458,"position":4},"title":"Le ravitaillement en eau sur le parcours","date":"25 septembre 2016","format":false,"excerpt":"Cela a l'air anodin comme sujet mais quand il commence \u00e0 faire plus de 30 degr\u00e9s \u00e0 l'ombre, les r\u00e9serves des gourdes s'\u00e9puisent vite ou chauffent. Ce qui est d\u00e9sagr\u00e9able. Sur le site du Roulard on essaye de r\u00e9f\u00e9rencer le plus possible les points d'eau que nous trouvons sur la\u2026","rel":"","context":"Article similaire","img":{"alt_text":"","src":"","width":0,"height":0},"classes":[]},{"id":672,"url":"https:\/\/www.auduteau.net\/cyclo\/cyclo-tourisme\/circuler-sur-route-ou-pistes-cyclables\/","url_meta":{"origin":458,"position":5},"title":"Circuler sur routes ou pistes cyclables","date":"25 septembre 2016","format":false,"excerpt":"Comment ne pas perdre son groupe ? Eh oui, nous sommes en groupe et ne naviguons pas tous au m\u00eame rythme et il n'est pas rare d'avoir de grands \u00e9carts entre les premiers et les derniers m\u00eame si nous sommes plus en mode visite et assez soud\u00e9s. Sans pour autant\u2026","rel":"","context":"Article similaire","img":{"alt_text":"","src":"https:\/\/i0.wp.com\/www.auduteau.net\/cyclo\/wp-content\/uploads\/piste-225x300.jpg?resize=350%2C200","width":350,"height":200},"classes":[]}],"jetpack_likes_enabled":true,"_links":{"self":[{"href":"https:\/\/www.auduteau.net\/cyclo\/wp-json\/wp\/v2\/pages\/458"}],"collection":[{"href":"https:\/\/www.auduteau.net\/cyclo\/wp-json\/wp\/v2\/pages"}],"about":[{"href":"https:\/\/www.auduteau.net\/cyclo\/wp-json\/wp\/v2\/types\/page"}],"author":[{"embeddable":true,"href":"https:\/\/www.auduteau.net\/cyclo\/wp-json\/wp\/v2\/users\/1"}],"replies":[{"embeddable":true,"href":"https:\/\/www.auduteau.net\/cyclo\/wp-json\/wp\/v2\/comments?post=458"}],"version-history":[{"count":5,"href":"https:\/\/www.auduteau.net\/cyclo\/wp-json\/wp\/v2\/pages\/458\/revisions"}],"predecessor-version":[{"id":1740,"href":"https:\/\/www.auduteau.net\/cyclo\/wp-json\/wp\/v2\/pages\/458\/revisions\/1740"}],"up":[{"embeddable":true,"href":"https:\/\/www.auduteau.net\/cyclo\/wp-json\/wp\/v2\/pages\/8"}],"wp:attachment":[{"href":"https:\/\/www.auduteau.net\/cyclo\/wp-json\/wp\/v2\/media?parent=458"}],"curies":[{"name":"wp","href":"https:\/\/api.w.org\/{rel}","templated":true}]}}