{"id":1915,"date":"2016-10-05T00:05:56","date_gmt":"2016-10-04T22:05:56","guid":{"rendered":"http:\/\/www.auduteau.net\/cyclo\/?page_id=1915"},"modified":"2022-08-25T18:07:01","modified_gmt":"2022-08-25T16:07:01","slug":"les-modes-de-voyages-cyclo-touristiques","status":"publish","type":"page","link":"https:\/\/www.auduteau.net\/cyclo\/le-voyage-en-soi\/les-modes-de-voyages-cyclo-touristiques\/","title":{"rendered":"Les modes de voyages cyclo-touristiques"},"content":{"rendered":"<p><img loading=\"lazy\" class=\"alignright size-thumbnail wp-image-1921\" src=\"http:\/\/www.auduteau.net\/cyclo\/wp-content\/uploads\/Petale-150x150.png\" alt=\"\" width=\"150\" height=\"150\" \/>Petit rappel, nous voyageons en groupe de 5 \u00e0 10 personnes. Le groupe est familial (fratrie + enfants et pi\u00e8ces rajout\u00e9es)<br \/>\nEt, groupe \u00e9gal contraintes et indispositions individuelles. On doit donc lisser chacun nos pr\u00e9tentions pour arriver \u00e0 un accord qui aujourd&rsquo;hui fait figure de ligne directrice lors de l&rsquo;organisation de nos circuits.<\/p>\n<p>Depuis plus de 10 ans, on s&rsquo;est forg\u00e9 une exp\u00e9rience av\u00e9r\u00e9e validant certaines hypoth\u00e8ses et infirmant certains choix que nous avions fait.<\/p>\n<p>On s&rsquo;aper\u00e7oit souvent que c&rsquo;est apr\u00e8s le voyage que l&rsquo;on se dit que l&rsquo;on aurait d\u00fb privil\u00e9gier une option plut\u00f4t qu&rsquo;une autre. On n\u2019est jamais d\u00e9\u00e7u puisque la contrainte li\u00e9e \u00e0 notre d\u00e9cision sur un parcours est connue d&rsquo;avance de par le choix collectif fait lors de la pr\u00e9paration. On ne la subit pas. Elle fait partie du circuit.<\/p>\n<h2>Les contraintes<\/h2>\n<p><strong>Distance pour arriver sur le lieu du circuit<\/strong><br \/>\non vient et du Lyonnais et de la r\u00e9gion parisienne, donc forc\u00e9ment, l&rsquo;un de nous fera un long trajet.<br \/>\n<strong>Moyens de transport pour y arriver et pour en repartir<\/strong><br \/>\nEn g\u00e9n\u00e9ral, chacun fait le voyage avec sa voiture. il y a donc 2 \u00e0 4 voitures qui se rejoignent et qui sont \u00e0 parquer quelques parts pendant le 8 \u00e0 15 jours de circuit.<br \/>\nSinon, c&rsquo;est le train mais nous n&rsquo;avons pas d&rsquo;exp\u00e9rience sur ce sujet. De mes lectures, privil\u00e9gier actuellement le TER plut\u00f4t que le TGV qui semble \u00eatre une grosse gal\u00e8re.<\/p>\n<p>Nos diff\u00e9rents modes de voyage, une fois arriv\u00e9s, sont :<\/p>\n<h2><strong>La trace directe d&rsquo;un point \u00e0 un autre<\/strong><\/h2>\n<p>On a privil\u00e9gi\u00e9 ce mode les premi\u00e8res ann\u00e9es principalement parce que l&rsquo;on suivait la V\u00e9lodiss\u00e9e et que cela nous semblait une bonne id\u00e9e.<br \/>\nOn parque les voitures au point de d\u00e9part et on vient les rechercher le dernier jour.<\/p>\n<ul>\n<li>Avantage, traverser plusieurs r\u00e9gions et avoir des paysages vari\u00e9s.<\/li>\n<li>L&rsquo;inconv\u00e9nient majeur c&rsquo;est que le dernier jour du circuit est occup\u00e9 \u00e0 aller rechercher les voitures et se taper plus de 400km aller et 400 autres au retour dans l&rsquo;apr\u00e8s-midi. Sachant que le lendemain, on rentre chez nous, cette journ\u00e9e est un peu stressante avec les pr\u00e9paratifs du d\u00e9part d&rsquo;autant plus que l&rsquo;on est un peu d\u00e9prim\u00e9 que les vacances et cette escapade se terminent.<\/li>\n<\/ul>\n<h2>La boucle<\/h2>\n<p>On a tendance \u00e0 la privil\u00e9gier de plus en plus en mode boucle ferm\u00e9e ou boucle ouverte avec un point de d\u00e9part et d&rsquo;arriv\u00e9e tr\u00e8s rapproch\u00e9s.<\/p>\n<ul>\n<li>parce qu&rsquo;on ne perd pas cette fameuse journ\u00e9e vu que l&rsquo;on revient au point de d\u00e9part.<\/li>\n<li>parce qu&rsquo;elle permettrait de venir en train sans se prendre la t\u00eate avec les offres de la SNCF ou autocaristes. un seul et m\u00eame point d&rsquo;arriv\u00e9e et de d\u00e9part.<\/li>\n<li>Parce qu&rsquo;une r\u00e9gion ou un d\u00e9partement, cela ne se visite pas en le traversant de part en part en trace directe.<\/li>\n<\/ul>\n<h2>Les p\u00e9tales<\/h2>\n<p>Ce que nous appelons les p\u00e9tales consiste \u00e0 se poser 2 \u00e0 4 jours au m\u00eame endroit et \u00e0 rayonner \u00e0 la journ\u00e9e autour de ce point. puis on d\u00e9place le point de quelques Kilom\u00e8tres et on recommence.<br \/>\nSur ce mode,<\/p>\n<ul>\n<li>on ne rate rien au niveau tourisme<\/li>\n<li>On n\u2019est pas contraint par le temps (montage\/d\u00e9montage du campement, \u00e9tat des lieux si h\u00e9bergement en dur).<\/li>\n<li>Au niveau pr\u00e9paration, on a moins \u00e0 chercher les h\u00e9bergements avec des kilom\u00e9trages compatibles visites\/p\u00e9dalages.<\/li>\n<li>on voyage plus l\u00e9ger au niveau du remplissage des sacoches en journ\u00e9e. Uniquement sur les journ\u00e9es de transit, on voyage \u00e0 plein.<\/li>\n<li>on a de meilleurs contacts avec la population locale et donc des bons plans que l&rsquo;on ne pouvait pas connaitre lors de la pr\u00e9paration du circuit.<\/li>\n<li>on est plus enclin \u00e0 faire des \u00e9carts et faire de nouveaux choix ou prendre des d\u00e9cisions de groupes plus rapides.<\/li>\n<\/ul>\n<h2>Le mixte<\/h2>\n<ul>\n<li>Le meilleur mixte, <strong>c&rsquo;est la boucle de p\u00e9tales<\/strong>.<br \/>\nOn prend tous les avantages et peu les inconv\u00e9nients.<br \/>\nOn ne l&rsquo;a jamais fait, mais \u00e7a ne va pas tarder. On aime de plus en plus notre confort en vieillissant et sans les enfants.<\/li>\n<li>On a exp\u00e9riment\u00e9 surtout trace directe et p\u00e9tale pour approfondir un coin (ex : marais poitevin, belle ile en mer) ou participer \u00e0 un festival (f\u00eates de Bayonne, Puy du fou, Castillon la bataille, etc.)<\/li>\n<\/ul>\n","protected":false},"excerpt":{"rendered":"<p>Petit rappel, nous voyageons en groupe de 5 \u00e0 10 personnes. Le groupe est familial (fratrie + enfants et pi\u00e8ces rajout\u00e9es) Et, groupe \u00e9gal contraintes et indispositions individuelles. On doit donc lisser chacun nos pr\u00e9tentions pour arriver \u00e0 un accord qui aujourd&rsquo;hui fait figure de ligne directrice lors de l&rsquo;organisation de nos circuits. Depuis plus [&hellip;]<\/p>\n","protected":false},"author":1,"featured_media":0,"parent":6,"menu_order":1,"comment_status":"closed","ping_status":"closed","template":"","meta":[],"jetpack_shortlink":"https:\/\/wp.me\/P80Whq-uT","jetpack_sharing_enabled":true,"jetpack-related-posts":[{"id":89,"url":"https:\/\/www.auduteau.net\/cyclo\/le-voyage-en-soi\/de-linteret-de-la-voiture-suiveuse\/","url_meta":{"origin":1915,"position":0},"title":"De l&rsquo;int\u00e9r\u00eat de la voiture suiveuse.","date":"5 octobre 2016","format":false,"excerpt":"Quand on part seul ou \u00e0 deux, aucun int\u00e9r\u00eat. Soit on fait une boucle \u00e0 v\u00e9lo soit on prend les transports r\u00e9gionaux pour revenir au point de d\u00e9part. Avec des enfants et une carriole cela devient plus dur. Si l'on part plus longtemps et pour un circuit cons\u00e9quent. La question\u2026","rel":"","context":"Article similaire","img":{"alt_text":"","src":"https:\/\/i0.wp.com\/www.auduteau.net\/cyclo\/wp-content\/uploads\/27Flandre-300x225.jpg?resize=350%2C200","width":350,"height":200},"classes":[]},{"id":147,"url":"https:\/\/www.auduteau.net\/cyclo\/cyclo-tourisme\/quid-des-voyagistes\/","url_meta":{"origin":1915,"position":1},"title":"Quid des voyagistes ?","date":"25 septembre 2016","format":false,"excerpt":"Ce sont bien \u00e9videmment les Hollandais qui ont d\u00e9velopp\u00e9 cette forme de tourisme tout en un. Leurs r\u00e9seaux s'\u00e9tend sur toute l'Europe et leurs permet de s'abstraire des contraintes de transport de v\u00e9lo et de mat\u00e9riels. Les fran\u00e7ais ne sont pas en reste et ont d\u00e9velopp\u00e9 localement diff\u00e9rentes formules offrant,\u2026","rel":"","context":"Article similaire","img":{"alt_text":"","src":"","width":0,"height":0},"classes":[]},{"id":8,"url":"https:\/\/www.auduteau.net\/cyclo\/cyclo-tourisme\/","url_meta":{"origin":1915,"position":2},"title":"Cyclo-Tourisme","date":"25 septembre 2016","format":false,"excerpt":"Je commencerai par dire qu'il n'y a pas un cyclo-touriste mais des cyclo-touristes. C'est principalement li\u00e9 aux objectifs que l'on se fixe et chacun a les siens. De celui, qui se doit de faire ses 100Km par jour, en passant par la petite famille qui n'en fera que 5-15 pour\u2026","rel":"","context":"Article similaire","img":{"alt_text":"","src":"","width":0,"height":0},"classes":[]},{"id":80,"url":"https:\/\/www.auduteau.net\/cyclo\/cyclo-tourisme\/un-vae-pour-du-cyclo-tourisme\/","url_meta":{"origin":1915,"position":3},"title":"Un VAE pour du cyclo-tourisme ?","date":"25 septembre 2016","format":false,"excerpt":"Pourquoi pas ! Ce n'est pas une tare. Certains VTTeurs en r\u00e9gions montagneuses sont \u00e9quip\u00e9s. Leurs plaisirs, c'est de crapahuter dans la montagne pas de se bousiller les genoux. Avec l'\u00e2ge ou avec un handicap, \u00e7a se justifie pleinement \u00e9galement. \u00c0 tout \u00e2ge aussi. Par contre, cela apporte des contraintes\u2026","rel":"","context":"Article similaire","img":{"alt_text":"","src":"https:\/\/i0.wp.com\/www.auduteau.net\/cyclo\/wp-content\/uploads\/2016\/09\/VAE2-300x200.jpg?resize=350%2C200","width":350,"height":200},"classes":[]},{"id":1406,"url":"https:\/\/www.auduteau.net\/cyclo\/le-voyage-en-soi\/les-bons-comptes-font-les-bons-amis\/","url_meta":{"origin":1915,"position":4},"title":"Les bons comptes font les bons amis","date":"5 octobre 2016","format":false,"excerpt":"Quand on voyage en groupe, il y a toujours une heure o\u00f9 sonnent les comptes du voyage. On ne peut pas y \u00e9chapper. Il est plus simple de noter les d\u00e9penses de chacun au fur \u00e0 mesure que de faire une cagnotte vu que personne ne sait jamais o\u00f9 est\u2026","rel":"","context":"Article similaire","img":{"alt_text":"","src":"https:\/\/i0.wp.com\/www.auduteau.net\/cyclo\/wp-content\/uploads\/les-bons-comptes-font-les-bons-amis.jpg?resize=350%2C200&ssl=1","width":350,"height":200},"classes":[]},{"id":40,"url":"https:\/\/www.auduteau.net\/cyclo\/le-voyage-en-soi\/lequipement-de-base\/","url_meta":{"origin":1915,"position":5},"title":"L&rsquo;\u00e9quipement de base","date":"5 octobre 2016","format":false,"excerpt":"Petite apart\u00e9 sur l'\u00e9quipement du cyclo-randonneur L\u00e0, je vous renvoie sur les sites, blogs et forums sur les cyclo-campeurs et tour-du-mondistes. Ils sont tr\u00e8s bien document\u00e9s. Je signalerai simplement mesdames et messieurs qu'en cyclo-randonn\u00e9e, on voyage \u00e9quip\u00e9 mais l\u00e9ger. Ce n'est pas parce que nous avons une voiture suiveuse, qu'il\u2026","rel":"","context":"Article similaire","img":{"alt_text":"","src":"","width":0,"height":0},"classes":[]}],"jetpack_likes_enabled":true,"_links":{"self":[{"href":"https:\/\/www.auduteau.net\/cyclo\/wp-json\/wp\/v2\/pages\/1915"}],"collection":[{"href":"https:\/\/www.auduteau.net\/cyclo\/wp-json\/wp\/v2\/pages"}],"about":[{"href":"https:\/\/www.auduteau.net\/cyclo\/wp-json\/wp\/v2\/types\/page"}],"author":[{"embeddable":true,"href":"https:\/\/www.auduteau.net\/cyclo\/wp-json\/wp\/v2\/users\/1"}],"replies":[{"embeddable":true,"href":"https:\/\/www.auduteau.net\/cyclo\/wp-json\/wp\/v2\/comments?post=1915"}],"version-history":[{"count":5,"href":"https:\/\/www.auduteau.net\/cyclo\/wp-json\/wp\/v2\/pages\/1915\/revisions"}],"predecessor-version":[{"id":1924,"href":"https:\/\/www.auduteau.net\/cyclo\/wp-json\/wp\/v2\/pages\/1915\/revisions\/1924"}],"up":[{"embeddable":true,"href":"https:\/\/www.auduteau.net\/cyclo\/wp-json\/wp\/v2\/pages\/6"}],"wp:attachment":[{"href":"https:\/\/www.auduteau.net\/cyclo\/wp-json\/wp\/v2\/media?parent=1915"}],"curies":[{"name":"wp","href":"https:\/\/api.w.org\/{rel}","templated":true}]}}