{"id":191,"date":"2016-09-30T00:15:36","date_gmt":"2016-09-29T22:15:36","guid":{"rendered":"http:\/\/www.auduteau.net\/cyclo\/?page_id=191"},"modified":"2021-09-08T16:44:18","modified_gmt":"2021-09-08T14:44:18","slug":"2012-pyla-sur-mer-a-hendaye","status":"publish","type":"page","link":"http:\/\/www.auduteau.net\/cyclo\/debut-de-lhistoire\/2012-pyla-sur-mer-a-hendaye\/","title":{"rendered":"2012 : Pyla sur mer \u00e0 Hendaye"},"content":{"rendered":"<p style=\"text-align: center;\"><a href=\"https:\/\/www.leroulard.com\/track\/57daf6042ff87eef796eee51#map\" target=\"_blank\" rel=\"noopener noreferrer\" class=\"broken_link\"><img loading=\"lazy\" class=\"alignnone size-medium wp-image-211 aligncenter\" src=\"http:\/\/www.auduteau.net\/cyclo\/wp-content\/uploads\/2016\/09\/2012-map-300x300.png\" alt=\"2012-map\" width=\"300\" height=\"300\" srcset=\"http:\/\/www.auduteau.net\/cyclo\/wp-content\/uploads\/2016\/09\/2012-map-300x300.png 300w, http:\/\/www.auduteau.net\/cyclo\/wp-content\/uploads\/2016\/09\/2012-map-150x150.png 150w, http:\/\/www.auduteau.net\/cyclo\/wp-content\/uploads\/2016\/09\/2012-map.png 700w\" sizes=\"(max-width: 300px) 100vw, 300px\" \/>Voir le parcours<\/a><\/p>\n<ul>\n<li>Distance :\u00a0\u00a0\u00a0\u00a0\u00a0\u00a0\u00a0\u00a0\u00a0\u00a0\u00a0\u00a0\u00a0\u00a0\u00a0\u00a0\u00a0\u00a0\u00a0\u00a0\u00a0\u00a0\u00a0\u00a0 285 km<\/li>\n<li>D\u00e9nivel\u00e9 Montant\u00a0\u00a0\u00a0\u00a0\u00a0 : 3 002 m<\/li>\n<li>D\u00e9nivel\u00e9\u00a0 descendant: 3 032 m<\/li>\n<li>Altitude maximum \u00a0 \u00a0 :\u00a0\u00a0\u00a0\u00a0 203 m<\/li>\n<li>Altitude minimum \u00a0 \u00a0 : \u00a0 \u00a0 \u00a0\u00a0\u00a0\u00a0 0 m<\/li>\n<\/ul>\n<p>Originellement, nous devions rejoindre Saint S\u00e9bastien mais la journ\u00e9e Espelette \u00e0 Ascain en passant par les grottes de Sarre a \u00e9t\u00e9 fatale on l&rsquo;expliquera plus bas.<\/p>\n<p>Le bassin d&rsquo;Arcachon nous connaissons. D&rsquo;o\u00f9, un d\u00e9part du Pyla sur mer o\u00f9 nous avons laiss\u00e9 les voitures.<\/p>\n<h2>Pyla sur Mer -&gt; Port Maguide<\/h2>\n<p>La dune du Pyla, on l&rsquo;a d\u00e9j\u00e0 gravi une bonne vingtaine de fois, donc, on l&rsquo;a laiss\u00e9e de c\u00f4t\u00e9. L&rsquo;objectif de la premi\u00e8re journ\u00e9e \u00e9tait Port Maguide sur l&rsquo;\u00e9tang de Caseau-Sanguinet.<\/p>\n<p>J&rsquo;ai toujours aim\u00e9 les bords de ce lac. Le camping directement au bord de l&rsquo;eau a \u00e9t\u00e9 une \u00e9tape plaisante. Les collines de la dune beaucoup moins pour cette premi\u00e8re journ\u00e9e sous une chaleur accablante.<\/p>\n<h2>Biscarosse -&gt; Gastes<\/h2>\n<p>De loin, la journ\u00e9e la plus p\u00e9nible.<\/p>\n<p>Peu d&rsquo;arbres pour s&rsquo;abriter du soleil, longues voies cyclables droites\u00a0 en bord de route.<\/p>\n<p>Malgr\u00e9 le ravitaillement de la voiture suiveuse, nous avons manqu\u00e9 d&rsquo;eau rapidement.<\/p>\n<p>Et pourtant, le d\u00e9part de Navarosse vers Biscarosse le long du canal nous a rappel\u00e9 notre p\u00e9riple le long du canal du midi avec de tr\u00e8s beaux paysages et une fra\u00eecheur bienvenue.<\/p>\n<p>L&rsquo;arriv\u00e9e \u00e0 Gastes, ne nous a pas laiss\u00e9 de souvenir (principalement d\u00fb \u00e0 la fatigue) hormis le camping du pr\u00e9 vert.<\/p>\n<h2>Gastes &#8211; &gt;Contis<\/h2>\n<p>Etape de pin\u00e8de comme beaucoup d&rsquo;autres vont suivre. Cela tient surtout de la ballade.<\/p>\n<p>Les landes, autant on a envie d\u2019en sortir rapidement quand on est voiture, autant en v\u00e9lo, elles se r\u00e9v\u00e8lent. La faune et la flore sont bien diversifi\u00e9es et introduisent \u00e0 une ballade sensorielle \u00e0 l\u2019\u00e9cart de la circulation. Les paysages, les bruits et odeur incitent \u00e0 l\u2019apaisement, \u00e0 la tranquillit\u00e9 dans la cadence de p\u00e9dalage.<\/p>\n<p>La piscine du camping municipal de Contis (\u00e0 l&rsquo;accueil sympathique)\u00a0 en int\u00e9rieur des terres fut la bienvenue.<\/p>\n<h2>Contis -&gt;Vieux boucaut<\/h2>\n<p>Nouvelle ballade dans la pin\u00e8de<\/p>\n<p>En arrivant au vieux boucaut, ce qui marque, c&rsquo;est l&rsquo;usine \u00e0 touristes au niveau campings.<\/p>\n<p>Celui des Abrets nous a plus tent\u00e9 malgr\u00e9 son c\u00f4t\u00e9 aust\u00e8re et bien nous en a pris. Grand espace pour nos 4 tentes.<\/p>\n<p>Rejoint par des amis, nous avons \u00e9t\u00e9 v\u00e9hicul\u00e9s sur Mimisan o\u00f9 nous avons pass\u00e9 une agr\u00e9able soir\u00e9e.<\/p>\n<h2>Vieux Boucaut -&gt;Tarnos<\/h2>\n<p>Pourquoi s&rsquo;arr\u00eater \u00e0 Tarnos alors que Bayonne est toute proche.<\/p>\n<p>Pour trouver de la place pour dormir car nous sommes dans la semaine des f\u00eates de Bayonne.<\/p>\n<p>Et de la place, nous en avions. La patronne nous avait \u00e9cart\u00e9 des f\u00eatards et mis au milieu des mobil-homes inoccup\u00e9s. 500 m\u00e8tres carr\u00e9s pour nous tout seul et les terrasses des mobil homes pour d\u00e9jeuner. Le bonheur.<\/p>\n<p>Apr\u00e8s c&rsquo;est le bus pour la soir\u00e9e \u00e0 Bayonne et le bus c&rsquo;est d\u00e9j\u00e0 tout un \u00e9pisode surtout au retour. Soir\u00e9e magique faite de rencontres, de bain de foule joyeuse.<\/p>\n<p>Le lendemain, nous y sommes retourn\u00e9s de jour avant d&rsquo;attaquer la montagne.<\/p>\n<h2>Tarnos-&gt; Espelette<\/h2>\n<p>Nous avons commenc\u00e9 calmement le long de la Nive jusqu&rsquo;\u00e0 Ustaritz o\u00f9 nous avons d\u00e9jeuner devant l&rsquo;\u00e9glise d&rsquo;o\u00f9 sortaient de jeunes mari\u00e9s.<\/p>\n<p>Ensuite, on a attaqu\u00e9 la mont\u00e9e vers Espelette. Magnifiques paysages de collines verdoyantes pour atterrir dans un camping 4 \u00e9toiles o\u00f9 tout le monde \u00e9tait entass\u00e9 les uns sur les autres. La piscine archipleine, bruyante, etc&#8230; De l\u00e0 vient notre d\u00e9but d&rsquo;aversion pour tout ce qui d\u00e9passe 2 \u00e9toiles.<\/p>\n<p>Lev\u00e9s \u00e0 l&rsquo;aube le lendemain, quelque part un peu pour fuir.<\/p>\n<h2>Espelette &#8211; Ascain<\/h2>\n<p>Visiter Espelette est obligatoire. S&rsquo;arr\u00eater chez Anton aussi. Nous avons fait le plein de chocolats, fromages, axoa&#8230;<\/p>\n<p>Nous voulions aller voir les grottes de Sarre. Sans cette volont\u00e9, nous serions pass\u00e9s par Soura\u00efde et Saint P\u00e9 sur Nivelle. Route plus douce, mais non, direction Ainhoa, puis descente sur Sarre. Mais les grottes ne sont pas \u00e0 Sarre mais pr\u00e8s de la fronti\u00e8re espagnole. \u00a0Et un second col \u00e0 monter mais les grottes sont superbes \u00e0 visiter, ce qui a adoucit l\u2019arriv\u00e9e en cyclo. Redescente sur Sarre puis remont\u00e9e jusqu&rsquo;\u00e0 la Rhune\u00a0; 3\u00e8me col de la journ\u00e9e. L\u00e0, on a eu une r\u00e9bellion de la jeunesse. Redescente sur Ascain.<\/p>\n<p>Superbe village o\u00f9 nous avons mang\u00e9 en terrasse devant une partie de pelote \u00e0 main nue arbitr\u00e9e par le patron du camping. Le camping d&rsquo;ascain est pour nous une r\u00e9f\u00e9rence dans l&rsquo;accueil, la gentillesse et la tenue de ce camping. Il ne paie pas de mine, mais il est propre et les estivants y sont conviviaux.<\/p>\n<h2>Ascain -&gt; Saint Jean de Luz<\/h2>\n<p>Petite \u00e9tape courte et reposante bord\u00e9e de belles demeures. Travers\u00e9e et visite rapide de Saint Jean de Luz pour atterrir au camping de\u00a0\u00ab Juantcho \u00bb.\u00a0Bien tenu, des sanitaires originaux.<\/p>\n<p>Mais \u00a0L\u00e0, l&rsquo;erreur fut commise d&rsquo;aller rechercher la voiture avant d&rsquo;\u00eatre en Espagne. Le lendemain, la jeunesse accompagn\u00e9e de deux adultes ont rejoint Irun notre point de rendez-vous avec les voitures pour manger.<\/p>\n<p>Irun, c&rsquo;est le coup de massue tellement c&rsquo;est moche. La r\u00e9bellion s&rsquo;est transform\u00e9e en r\u00e9volte. On n\u2019a pas insist\u00e9 vu que la route vers saint S\u00e9bastien semblait tr\u00e8s tr\u00e8s vallonn\u00e9e.<\/p>\n<p>Donc, suite en voiture. Saint S\u00e9bastien est une ville superbe avec ses Villas grand luxe, la plage du Parrot, son quartier \u00e0 tapas, sa vieille ville.<\/p>\n<p>On a fait deux nuits dans un camping digne de ses 4 \u00e9toiles espagnoles pour profiter \u00e0 plein de la ville. Les fran\u00e7ais peuvent en prendre de la graine.<\/p>\n<p>Lendemain lev\u00e9 t\u00f4t pour d\u00e9part \u00e0 Pampelune, poursuivi par un d\u00e9jeuner \u00e0 Saint Jean pied de porc o\u00f9 nous avons pass\u00e9 l&rsquo;apr\u00e8s-midi \u00e0 d\u00e9ambuler dans la ville. Folklore et charme d&rsquo;un village du B\u00e9arn. Nous avons pass\u00e9 la nuit au camping \u00e9galement bien tenu, Simple et calme avant de rentrer dans nos r\u00e9gions respectives.<\/p>\n","protected":false},"excerpt":{"rendered":"<p>Voir le parcours Distance :\u00a0\u00a0\u00a0\u00a0\u00a0\u00a0\u00a0\u00a0\u00a0\u00a0\u00a0\u00a0\u00a0\u00a0\u00a0\u00a0\u00a0\u00a0\u00a0\u00a0\u00a0\u00a0\u00a0\u00a0 285 km D\u00e9nivel\u00e9 Montant\u00a0\u00a0\u00a0\u00a0\u00a0 : 3 002 m D\u00e9nivel\u00e9\u00a0 descendant: 3 032 m Altitude maximum \u00a0 \u00a0 :\u00a0\u00a0\u00a0\u00a0 203 m Altitude minimum \u00a0 \u00a0 : \u00a0 \u00a0 \u00a0\u00a0\u00a0\u00a0 0 m Originellement, nous devions rejoindre Saint S\u00e9bastien mais la journ\u00e9e Espelette \u00e0 Ascain en passant par les grottes de Sarre a [&hellip;]<\/p>\n","protected":false},"author":1,"featured_media":0,"parent":4,"menu_order":2,"comment_status":"closed","ping_status":"closed","template":"","meta":[],"jetpack_shortlink":"https:\/\/wp.me\/P80Whq-35","jetpack_sharing_enabled":true,"jetpack-related-posts":[{"id":4,"url":"http:\/\/www.auduteau.net\/cyclo\/debut-de-lhistoire\/","url_meta":{"origin":191,"position":0},"title":"D\u00e9but de l&rsquo;histoire","date":"30 septembre 2016","format":false,"excerpt":"Apr\u00e8s avoir fait 20 ans de cabotage en mer (croisi\u00e8res c\u00f4ti\u00e8res en M\u00e9diterran\u00e9e et atlantique) nous nous sommes pos\u00e9s sur les c\u00f4tes et plages fran\u00e7aises pour passer nos vacances en s\u00e9dentaire avec nos filles. Quelque chose nous manquait. Cette s\u00e9dentarit\u00e9 ne nous correspondait pas totalement. Jusqu'au jour (2008) o\u00f9 mon\u2026","rel":"","context":"Article similaire","img":{"alt_text":"","src":"https:\/\/i0.wp.com\/www.auduteau.net\/cyclo\/wp-content\/uploads\/Map_Circuit-1.png?resize=350%2C200","width":350,"height":200},"classes":[]},{"id":199,"url":"http:\/\/www.auduteau.net\/cyclo\/debut-de-lhistoire\/2013-ile-doleron-marais-poitevin\/","url_meta":{"origin":191,"position":1},"title":"2013 : Ile d&rsquo;Ol\u00e9ron &#8211; Marais Poitevin","date":"30 septembre 2016","format":false,"excerpt":"Voir le parcours Distance :\u00a0\u00a0\u00a0\u00a0\u00a0\u00a0\u00a0\u00a0\u00a0\u00a0\u00a0\u00a0\u00a0\u00a0\u00a0\u00a0\u00a0\u00a0\u00a0\u00a0\u00a0\u00a0\u00a0\u00a0 494 km D\u00e9nivel\u00e9 Montant\u00a0\u00a0\u00a0\u00a0\u00a0 : 2 089 m D\u00e9nivel\u00e9\u00a0 descendant: 2 201 m Altitude maximum \u00a0 \u00a0 :\u00a0\u00a0\u00a0\u00a0\u00a0\u00a0 35 m Altitude minimum \u00a0 \u00a0 : \u00a0 \u00a0 \u00a0 -2 m 2010 sans aucune pr\u00e9paration. 2012 avec un semblant de pr\u00e9paration. 2013 nous avons voulu tirer\u2026","rel":"","context":"Article similaire","img":{"alt_text":"","src":"https:\/\/i0.wp.com\/www.auduteau.net\/cyclo\/wp-content\/uploads\/2016\/09\/2013-map-300x260.png?resize=350%2C200","width":350,"height":200},"classes":[]},{"id":187,"url":"http:\/\/www.auduteau.net\/cyclo\/debut-de-lhistoire\/2010-canal-du-midi-toulouse-a-sete\/","url_meta":{"origin":191,"position":2},"title":"2010 : Canal du Midi &#8211; Toulouse \u00e0 S\u00e8te","date":"30 septembre 2016","format":false,"excerpt":"Voir le parcours Distance :\u00a0\u00a0\u00a0\u00a0\u00a0\u00a0\u00a0\u00a0\u00a0\u00a0\u00a0\u00a0\u00a0\u00a0\u00a0\u00a0\u00a0\u00a0\u00a0\u00a0\u00a0\u00a0\u00a0\u00a0 276 km D\u00e9nivel\u00e9 Montant\u00a0\u00a0\u00a0\u00a0\u00a0 : 1 752 m D\u00e9nivel\u00e9\u00a0 descendant: 1 927 m Altitude maximum \u00a0 \u00a0 :\u00a0\u00a0\u00a0\u00a0 270 m Altitude minimum \u00a0 \u00a0 : \u00a0 \u00a0 \u00a0 -2 m Ce fut la premi\u00e8re exp\u00e9rience de Cyclo tourisme. Nous avons donc choisi un terrain de\u2026","rel":"","context":"Article similaire","img":{"alt_text":"","src":"https:\/\/i0.wp.com\/www.auduteau.net\/cyclo\/wp-content\/uploads\/2016\/09\/2010-le-somailjpg-300x225.jpg?resize=350%2C200","width":350,"height":200},"classes":[]},{"id":195,"url":"http:\/\/www.auduteau.net\/cyclo\/debut-de-lhistoire\/2016-belle-ile-en-mer-roscoff\/","url_meta":{"origin":191,"position":3},"title":"2016 : Belle Ile en mer &#8211; Roscoff","date":"30 septembre 2016","format":false,"excerpt":"Voir le parcours Distance :\u00a0\u00a0\u00a0\u00a0\u00a0\u00a0\u00a0\u00a0\u00a0\u00a0\u00a0\u00a0\u00a0\u00a0\u00a0\u00a0\u00a0\u00a0\u00a0\u00a0\u00a0\u00a0\u00a0\u00a0 527 km D\u00e9nivel\u00e9 Montant\u00a0\u00a0\u00a0\u00a0\u00a0 : 6 033 m D\u00e9nivel\u00e9\u00a0 descendant: 6 095 m Altitude maximum \u00a0 \u00a0 :\u00a0\u00a0\u00a0\u00a0 199 m Altitude minimum \u00a0 \u00a0 : \u00a0 \u00a0 \u00a0 -2 m Galerie photos circuit 2016 - Bretagne Nord Circuit de l'\u00e9t\u00e9 2016, nous avions pour objectif\u2026","rel":"","context":"Article similaire","img":{"alt_text":"","src":"https:\/\/i0.wp.com\/www.auduteau.net\/cyclo\/wp-content\/uploads\/2016\/09\/2016-map-300x300.png?resize=350%2C200","width":350,"height":200},"classes":[]},{"id":1571,"url":"http:\/\/www.auduteau.net\/cyclo\/debut-de-lhistoire\/2021-les-3-lacs\/","url_meta":{"origin":191,"position":4},"title":"2021 &#8211; Les 3 Lacs","date":"1 octobre 2016","format":false,"excerpt":"Fichier de ressources - Album Photos les 3 lacs Trace Circuit des 3 lacs Distance : 276,7km D\u00e9nivel\u00e9 Montant : 5499m D\u00e9nivel\u00e9 Descendant : 5745m Alt. max. : 688m A l'origine, nous devions faire la ViaRhona mais des contraintes de synchronisation du planning des cong\u00e9s du groupe nous ont amen\u00e9\u2026","rel":"","context":"Article similaire","img":{"alt_text":"","src":"https:\/\/i0.wp.com\/www.auduteau.net\/cyclo\/wp-content\/uploads\/IMG_8960_25_08_2021-1.jpg?resize=350%2C200","width":350,"height":200},"classes":[]},{"id":801,"url":"http:\/\/www.auduteau.net\/cyclo\/debut-de-lhistoire\/2017-vallee-du-lot\/","url_meta":{"origin":191,"position":5},"title":"2017 &#8211; Vall\u00e9e du Tarn et du Lot","date":"30 septembre 2016","format":false,"excerpt":"Voir le parcours Distance : 378km D\u00e9but : 08 ao\u00fbt 2017 Fin : 16 ao\u00fbt 2017 D\u00e9nivel\u00e9 + : 4060m D\u00e9nivel\u00e9 - : 3924m Alt. max. : 233m Fichier Ressources - Galerie photos Ce ne sera pas tant le Lot mais surtout le Lot et Garonne avec un d\u00e9part du\u2026","rel":"","context":"Article similaire","img":{"alt_text":"Vall\u00e9e du lot","src":"https:\/\/i0.wp.com\/www.auduteau.net\/cyclo\/wp-content\/uploads\/Lot.jpg?resize=350%2C200","width":350,"height":200},"classes":[]}],"jetpack_likes_enabled":true,"_links":{"self":[{"href":"http:\/\/www.auduteau.net\/cyclo\/wp-json\/wp\/v2\/pages\/191"}],"collection":[{"href":"http:\/\/www.auduteau.net\/cyclo\/wp-json\/wp\/v2\/pages"}],"about":[{"href":"http:\/\/www.auduteau.net\/cyclo\/wp-json\/wp\/v2\/types\/page"}],"author":[{"embeddable":true,"href":"http:\/\/www.auduteau.net\/cyclo\/wp-json\/wp\/v2\/users\/1"}],"replies":[{"embeddable":true,"href":"http:\/\/www.auduteau.net\/cyclo\/wp-json\/wp\/v2\/comments?post=191"}],"version-history":[{"count":8,"href":"http:\/\/www.auduteau.net\/cyclo\/wp-json\/wp\/v2\/pages\/191\/revisions"}],"predecessor-version":[{"id":1743,"href":"http:\/\/www.auduteau.net\/cyclo\/wp-json\/wp\/v2\/pages\/191\/revisions\/1743"}],"up":[{"embeddable":true,"href":"http:\/\/www.auduteau.net\/cyclo\/wp-json\/wp\/v2\/pages\/4"}],"wp:attachment":[{"href":"http:\/\/www.auduteau.net\/cyclo\/wp-json\/wp\/v2\/media?parent=191"}],"curies":[{"name":"wp","href":"https:\/\/api.w.org\/{rel}","templated":true}]}}