{"id":149,"date":"2016-09-25T19:45:28","date_gmt":"2016-09-25T17:45:28","guid":{"rendered":"http:\/\/www.auduteau.net\/cyclo\/?page_id=149"},"modified":"2023-03-06T11:31:45","modified_gmt":"2023-03-06T10:31:45","slug":"lesprit-collaboratif","status":"publish","type":"page","link":"http:\/\/www.auduteau.net\/cyclo\/cyclo-tourisme\/lesprit-collaboratif\/","title":{"rendered":"L&rsquo;esprit collaboratif"},"content":{"rendered":"<p>Les Cyclo-randonneurs \u00e9changent lorsqu&rsquo;ils se rencontrent \u00e0 l&rsquo;\u00e9tape.<\/p>\n<p>L&rsquo;\u00e9change d&rsquo;informations est utile lorsqu&rsquo;ils se croisent puisqu&rsquo;ils se renseignent conjointement sur les meilleures routes, les coins pique-nique potentiels, les points d&rsquo;int\u00e9r\u00eat, les paysages remarquables, etc.<\/p>\n<p>Mais l&rsquo;\u00e9change peut se faire aussi sans se rencontrer physiquement gr\u00e2ce au Web et est utile lors de la pr\u00e9paration d&rsquo;un parcours.<\/p>\n<p>OpenCycleMap est un outil int\u00e9grant les diff\u00e9rentes routes, chemins, Poi.<\/p>\n<p>Il est contribuable par l&rsquo;interm\u00e9diaire de l&rsquo;outil Jsom ou AE (Amenity \u00c9ditorial).<\/p>\n<p>Mais, il complexifie la t\u00e2che surtout lorsque l&rsquo;on est sur la route.<br \/>\nJSOM n&rsquo;est pas d\u00e9ploy\u00e9 sur smartphone. Le travail se fait donc au retour sur PC.<\/p>\n<p>Amenity poss\u00e8de une application pour SmartPhone \u00ab\u00a0Amenity Map\u00a0\u00bb plus intuitive mais demandant une inscription en ligne. Interface en langue asiatique au d\u00e9part puis anglais.<\/p>\n<p>C&rsquo;est pour cette raison que je pr\u00e9f\u00e8re le site \u00ab\u00a0Le Roulard\u00a0\u00bb.<\/p>\n<p>Je salue ici l&rsquo;initiative individuelle d&rsquo;Emmanuel Saracco qui a enti\u00e8rement con\u00e7u et mis en ligne le site <a href=\"https:\/\/www.leroulard.com\" target=\"_blank\" rel=\"noopener noreferrer\" class=\"broken_link\">LE ROULARD<\/a>.<\/p>\n<p>Je d\u00e9pose ici l&rsquo;introduction de son site qui vaut tous les discours :<\/p>\n<blockquote>\n<p style=\"padding-left: 30px;\"><em>L&rsquo;id\u00e9e a commenc\u00e9 \u00e0 germer en 2009 pendant ma\u00a0randonn\u00e9e \u00e0 v\u00e9lo vers Vienne par l&rsquo;EuroVelo 6 (EV 6). 2250 kilom\u00e8tres durant lesquels un site d&rsquo;assistance \u00e0 la randonn\u00e9e m&rsquo;aurait \u00e9t\u00e9 bien utile&#8230;<\/em><\/p>\n<p style=\"padding-left: 30px;\"><em>Combien de fois me suis-je arr\u00eat\u00e9 dans un coin sordide pour pique-niquer alors qu&rsquo;une aire am\u00e9nag\u00e9e m&rsquo;attendait \u00e0 500 m\u00e8tres de l\u00e0? Combien de fois ai-je \u00e9t\u00e9 faire du porte \u00e0 porte pour qu\u00e9mander de l&rsquo;eau alors qu&rsquo;une fontaine potable se trouvait \u00e0 quelques coups de p\u00e9dales? Combien de fois ai-je d\u00fb manger les restes de la veille perdu au fin fond de la campagne, alors qu&rsquo;une \u00e9picerie \u00e9tait ouverte dans ce petit village travers\u00e9 il y a 5 minutes \u00e0 peine et dans lequel je ne n&rsquo;aurais jamais soup\u00e7onn\u00e9 qu&rsquo;il y eut un commerce ouvert le dimanche?<br \/>\n<\/em><\/p>\n<\/blockquote>\n<p>J&rsquo;ai abondamment particip\u00e9 \u00e0 enrichir son site au travers de l&rsquo;exp\u00e9rience issue de nos circuits car l&rsquo;information que j&rsquo;y ai acquise ne me servira pas dans la tombe et pourrait \u00e9galement me resservir si je repasse dans un des endroits que nous avons parcouru.<\/p>\n<p>DONC, n&rsquo;h\u00e9sitez pas \u00e0 collaborer entre Cyclo-randonneurs en rajoutant des points d&rsquo;int\u00e9r\u00eats dont voici la liste \u00e0 ce jour :<\/p>\n<p style=\"text-align: center;\"><a href=\"http:\/\/www.auduteau.net\/cyclo\/wp-content\/uploads\/2016\/09\/WP_Roulard.png\"><img loading=\"lazy\" class=\"alignnone wp-image-150 size-medium\" src=\"http:\/\/www.auduteau.net\/cyclo\/wp-content\/uploads\/2016\/09\/WP_Roulard-169x300.png\" alt=\"wp_roulard\" width=\"169\" height=\"300\" srcset=\"http:\/\/www.auduteau.net\/cyclo\/wp-content\/uploads\/2016\/09\/WP_Roulard-169x300.png 169w, http:\/\/www.auduteau.net\/cyclo\/wp-content\/uploads\/2016\/09\/WP_Roulard-577x1024.png 577w, http:\/\/www.auduteau.net\/cyclo\/wp-content\/uploads\/2016\/09\/WP_Roulard.png 640w\" sizes=\"(max-width: 169px) 100vw, 169px\" \/><\/a><\/p>\n<p>Pour ce faire une id\u00e9e, voici le <a href=\"https:\/\/web.archive.org\/web\/20210803082240\/https:\/\/s.leroulard.com\/h\/leroulard-help.pdf\" target=\"_blank\" rel=\"noopener\">manuel utilisateur<\/a><\/p>\n<p style=\"text-align: center;\"><strong>Mais tout a une fin et le Roulard c&rsquo;est \u00e9teint \u00e0 fin f\u00e9vrier 2023 faute de collaboration effective.<\/strong><\/p>\n<p style=\"text-align: center;\">Merci \u00e0 Emmanuel de nous avoir offert ce service pendant une dizaine d&rsquo;ann\u00e9es<\/p>\n<p><a href=\"http:\/\/www.auduteau.net\/cyclo\/wp-content\/uploads\/Fin-du-roulard.png\"><img loading=\"lazy\" class=\"aligncenter size-large wp-image-2094\" src=\"http:\/\/www.auduteau.net\/cyclo\/wp-content\/uploads\/Fin-du-roulard-1024x275.png\" alt=\"\" width=\"1024\" height=\"275\" srcset=\"http:\/\/www.auduteau.net\/cyclo\/wp-content\/uploads\/Fin-du-roulard-1024x275.png 1024w, http:\/\/www.auduteau.net\/cyclo\/wp-content\/uploads\/Fin-du-roulard-300x80.png 300w, http:\/\/www.auduteau.net\/cyclo\/wp-content\/uploads\/Fin-du-roulard-768x206.png 768w, http:\/\/www.auduteau.net\/cyclo\/wp-content\/uploads\/Fin-du-roulard-1536x412.png 1536w, http:\/\/www.auduteau.net\/cyclo\/wp-content\/uploads\/Fin-du-roulard.png 1898w\" sizes=\"(max-width: 1024px) 100vw, 1024px\" \/><\/a><\/p>\n<p>Les groupes Facebook sont aussi un moyen d&rsquo;\u00e9change mais l&rsquo;information se noit tr\u00e8s rapidement dans les nombreuses discussions. Deux groupes int\u00e9ressants parmi tant d&rsquo;aures :<\/p>\n<ul>\n<li><a href=\"https:\/\/www.facebook.com\/groups\/1423941534341886\/\" target=\"_blank\" rel=\"noopener noreferrer\" class=\"broken_link\">Passion V\u00e9lo RanDodo<\/a> est un groupe ferm\u00e9 tr\u00e8s actif dont l&rsquo;acc\u00e8s est subordonn\u00e9 \u00e0 la r\u00e9ponse \u00e0 un petit questionnaire.<\/li>\n<li><a href=\"https:\/\/www.facebook.com\/groups\/188849161858795\/\" target=\"_blank\" rel=\"noopener noreferrer\" class=\"broken_link\">Voyager \u00e0 v\u00e9lo en France<\/a> est lui un groupe public cr\u00e9\u00e9 par <a href=\"http:\/\/www.francevelotourisme.com\/\" target=\"_blank\" rel=\"noopener noreferrer\">France V\u00e9lo Tourisme<\/a><\/li>\n<\/ul>\n","protected":false},"excerpt":{"rendered":"<p>Les Cyclo-randonneurs \u00e9changent lorsqu&rsquo;ils se rencontrent \u00e0 l&rsquo;\u00e9tape. L&rsquo;\u00e9change d&rsquo;informations est utile lorsqu&rsquo;ils se croisent puisqu&rsquo;ils se renseignent conjointement sur les meilleures routes, les coins pique-nique potentiels, les points d&rsquo;int\u00e9r\u00eat, les paysages remarquables, etc. Mais l&rsquo;\u00e9change peut se faire aussi sans se rencontrer physiquement gr\u00e2ce au Web et est utile lors de la pr\u00e9paration d&rsquo;un [&hellip;]<\/p>\n","protected":false},"author":1,"featured_media":0,"parent":8,"menu_order":6,"comment_status":"closed","ping_status":"closed","template":"","meta":[],"jetpack_shortlink":"https:\/\/wp.me\/P80Whq-2p","jetpack_sharing_enabled":true,"jetpack-related-posts":[{"id":77,"url":"http:\/\/www.auduteau.net\/cyclo\/le-voyage-en-soi\/les-outils-trace-gps\/","url_meta":{"origin":149,"position":0},"title":"Les outils de trace GPS sur la route","date":"5 octobre 2016","format":false,"excerpt":"Sur son smartphone pendant le parcours. Consid\u00e9ration premi\u00e8re : \u00c9vitez de vider sa batterie lorsque l'on utilise le GPS toute la journ\u00e9e. Cela passe par l\u00e0 non utilisation excessive du r\u00e9seau donn\u00e9es et de l'affichage \u00e9cran aussi par l'arr\u00eat du Wifi. Fermez \u00e9galement toutes les applications autres que votre outil\u2026","rel":"","context":"Article similaire","img":{"alt_text":"","src":"https:\/\/i0.wp.com\/www.auduteau.net\/cyclo\/wp-content\/uploads\/Teste-APP-trace-IOS-960x1024.png?resize=350%2C200","width":350,"height":200},"classes":[]},{"id":44,"url":"http:\/\/www.auduteau.net\/cyclo\/le-voyage-en-soi\/les-preparatifs\/","url_meta":{"origin":149,"position":1},"title":"Les pr\u00e9paratifs","date":"5 octobre 2016","format":false,"excerpt":"Tracer la route Bien \u00e9videmment, il va falloir tracer sa route et la synchroniser avec les VAE. Grandes discussions assur\u00e9es. Les sites de trace et de topologie terrain : Calcul d'itin\u00e9raire , mon pr\u00e9f\u00e9r\u00e9 pour pr\u00e9parer la route (bas\u00e9 sur ORS et me permet de partager avec le groupe sans\u2026","rel":"","context":"Article similaire","img":{"alt_text":"","src":"https:\/\/i0.wp.com\/www.auduteau.net\/cyclo\/wp-content\/uploads\/tracer-la-route2-300x200.jpg?resize=350%2C200","width":350,"height":200},"classes":[]},{"id":46,"url":"http:\/\/www.auduteau.net\/cyclo\/le-voyage-en-soi\/lapres-voyage\/","url_meta":{"origin":149,"position":2},"title":"L&rsquo;apr\u00e8s voyage","date":"5 octobre 2016","format":false,"excerpt":"Les comptes Voir la page \"les bons comptes font les bons amis Les traces On a trac\u00e9 notre route le long des chemins. On les a peut-\u00eatre enregistr\u00e9es sur notre smartphone ou son GPS. Pourquoi ne pas les partager \u00e0 la communaut\u00e9 de cyclo-randonneurs ? Oui mais sur une semaine\u2026","rel":"","context":"Article similaire","img":{"alt_text":"","src":"","width":0,"height":0},"classes":[]},{"id":66,"url":"http:\/\/www.auduteau.net\/cyclo\/cyclo-tourisme\/la-casse-sur-la-route\/","url_meta":{"origin":149,"position":3},"title":"La casse sur la route","date":"25 septembre 2016","format":false,"excerpt":"Nous sommes des touristes, mais nous ne sommes pas \u00e0 l'abri de petits tracas m\u00e9caniques sur la route et nous nous devons d'en conna\u00eetre un minimum pour finir notre \u00e9tape ou notre parcours. Quand je dis \u00a0\u00ab\u00a0nous\u00a0\u00bb, j'entends chaque membre de notre groupe de cyclo-randonneurs en \u00e2ge de comprendre. Le\u2026","rel":"","context":"Article similaire","img":{"alt_text":"","src":"https:\/\/i0.wp.com\/www.auduteau.net\/cyclo\/wp-content\/uploads\/2016\/09\/SRAM.jpg?resize=350%2C200","width":350,"height":200},"classes":[]},{"id":672,"url":"http:\/\/www.auduteau.net\/cyclo\/cyclo-tourisme\/circuler-sur-route-ou-pistes-cyclables\/","url_meta":{"origin":149,"position":4},"title":"Circuler sur routes ou pistes cyclables","date":"25 septembre 2016","format":false,"excerpt":"Comment ne pas perdre son groupe ? Eh oui, nous sommes en groupe et ne naviguons pas tous au m\u00eame rythme et il n'est pas rare d'avoir de grands \u00e9carts entre les premiers et les derniers m\u00eame si nous sommes plus en mode visite et assez soud\u00e9s. Sans pour autant\u2026","rel":"","context":"Article similaire","img":{"alt_text":"","src":"https:\/\/i0.wp.com\/www.auduteau.net\/cyclo\/wp-content\/uploads\/piste-225x300.jpg?resize=350%2C200","width":350,"height":200},"classes":[]},{"id":92,"url":"http:\/\/www.auduteau.net\/cyclo\/le-voyage-en-soi\/le-velo\/","url_meta":{"origin":149,"position":5},"title":"Le v\u00e9lo","date":"5 octobre 2016","format":false,"excerpt":"Nous concernant, nous avons fait toute la c\u00f4te atlantique avec des v\u00e9los de supermarch\u00e9 bas de gamme, achet\u00e9s d'occasion \u00e0 moins de 100\u20ac pi\u00e8ce. Mais, nous n'\u00e9tions pas charg\u00e9s comme des bourricots non plus la majeure partie du temps. En 7 ans, Nous n'avons eu \u00e0 d\u00e9plorer aucune casse. Seul\u2026","rel":"","context":"Article similaire","img":{"alt_text":"","src":"https:\/\/i0.wp.com\/www.auduteau.net\/cyclo\/wp-content\/uploads\/IMG_8704.png?resize=350%2C200","width":350,"height":200},"classes":[]}],"jetpack_likes_enabled":true,"_links":{"self":[{"href":"http:\/\/www.auduteau.net\/cyclo\/wp-json\/wp\/v2\/pages\/149"}],"collection":[{"href":"http:\/\/www.auduteau.net\/cyclo\/wp-json\/wp\/v2\/pages"}],"about":[{"href":"http:\/\/www.auduteau.net\/cyclo\/wp-json\/wp\/v2\/types\/page"}],"author":[{"embeddable":true,"href":"http:\/\/www.auduteau.net\/cyclo\/wp-json\/wp\/v2\/users\/1"}],"replies":[{"embeddable":true,"href":"http:\/\/www.auduteau.net\/cyclo\/wp-json\/wp\/v2\/comments?post=149"}],"version-history":[{"count":11,"href":"http:\/\/www.auduteau.net\/cyclo\/wp-json\/wp\/v2\/pages\/149\/revisions"}],"predecessor-version":[{"id":2100,"href":"http:\/\/www.auduteau.net\/cyclo\/wp-json\/wp\/v2\/pages\/149\/revisions\/2100"}],"up":[{"embeddable":true,"href":"http:\/\/www.auduteau.net\/cyclo\/wp-json\/wp\/v2\/pages\/8"}],"wp:attachment":[{"href":"http:\/\/www.auduteau.net\/cyclo\/wp-json\/wp\/v2\/media?parent=149"}],"curies":[{"name":"wp","href":"https:\/\/api.w.org\/{rel}","templated":true}]}}